 + 11)) + (-13 - (-1 - 4))?
7
What is the value of (-29 - -2) + (2 - -11) - -81 - -3?
70
What is the value of -53 + -35 + 42 + -16 - (1 - -14)?
-77
Calculate (-23 - (-3 + 17 + -30)) + 7 - -14.
14
What is -6 - (3 + 1 - (-26 - 28 - (5 + -1)))?
-68
(-89 + 73 - (-97 + -2)) + (-22 - -23)
84
What is -22 + (30 - (35 - 10) - -7)?
-10
-22 + 29 - (-41 - -20) - 16
12
Evaluate (1 - 2) + 3 + -1 + -176 + 169 + 119.
113
Calculate 105 + (-100 - -133) + -77.
61
Calculate 100015 + -99977 - (0 - -2 - -90).
-54
Evaluate 82 - 2 - (-37 + 94 + -35).
58
Calculate 0 - 43 - (79 + 59 + -136).
-45
Calculate -32 - (-100 + 78) - (-4 + 9).
-15
What is -211 + 202 - (4 + -3 + 65 + 1 + -2)?
-74
Calculate (4 - 0) + -8 + 6 + (67 - (3 - -12)).
54
-15 + 1 + -1 + -1005 + 1068
48
What is (-2 - -14 - -88) + -25 + -4 + -17?
54
Calculate 73 + 6 + 9 + (88 - 117).
59
What is the value of (2 - -23) + -1 + (-76 - -91) + -8 + 0?
31
-32 + -6 - ((4 - 0) + (-21 - -12))
-33
-25 - (-1 - 22 - (-39 + -1))
-42
Evaluate -273 + (112 + 45 - -11).
-105
What is the value of 70 + (38 - (35 - (-27 + 9)))?
55
What is 17 + 1 + 1 + -14 - (69 - (-3 - 2))?
-69
What is 20 + (-30 - -43) + -8 + -16 + (82 - 2)?
89
-2 + (0 - 28) + 29 - 19
-20
What is 6 + -1 + (-9 - (15 + -7) - (-60 - -70))?
-22
Evaluate (422 - 399) + ((3 - -2) + 1 - (-1 - -4)).
26
What is the value of -31 - 18 - 8 - -18?
-39
Evaluate (35335 - 35251) + -13 + (-1 - 0).
70
Evaluate (44 - 17) + (-70 - -101).
58
Evaluate 120 + (-90 - (71 - 85)).
44
149 - (140 - 54 - -30)
33
What is 89 + -108 + -25 + -39?
-83
What is the value of -14 + (4 - 3 - (1 - (-13 - -26))) + -5?
-6
-30 + 19 + 132 + -75
46
What is 32 + 0 + -30 + 39?
41
-3 + -1 + (-37 - (-20 - (17 + -49)))
-53
What is the value of 37 + -1 + 1 - (-91805 - -91829)?
13
-27 + (-9 + 32 - (24 - 14))
-14
What is the value of -6 + -14 + 46 + -90?
-64
What is -43 + 16 + 19 + -2 + 2 + -1 + 63?
54
41 + 0 + -83 - -1
-41
Evaluate -20 + -147 + (-327 - -376).
-118
What is the value of -51 - (49 - (62 - -23))?
-15
What is (12 - (141 + -41)) + 0?
-88
What is the value of -86 + 53 + -12 + 21?
-24
What is the value of -38 + 37 - (11 - (-4 - -6) - -25)?
-35
Calculate (-20 - 9) + 7 + 2 + 57.
37
Calculate -44 - (-75 + -14 - -70).
-25
Calculate 159 - 152 - (-1 + -8).
16
What is the value of -23 + 24 - (-63 - -24 - (0 - 6))?
34
What is the value of 59 + (17 - -1) + -44?
33
Evaluate -2 + (4 - (2 + -2)) - ((75 - 0) + 25).
-98
Evaluate 1 + (4 - -11 - 16 - (-1 + 7)).
-6
Evaluate (-77 - 2) + 1727 + -1671.
-23
Evaluate -3 - (13 + 7 + -15) - 21.
-29
What is the value of (-194 - (-129 + -71)) + (-2 + 48 - 2)?
50
What is the value of -10 + -30 + -1169 + 1150?
-59
Evaluate -262 - (11 - -68 - 214).
-127
(0 + 2 - 0) + (-495 - -518)
25
Evaluate (-3 - -10) + (-91 - -14) - (-5 - -1).
-66
Calculate 94 + -23 + -49 + 15.
37
47 + 15 - (-9 - (-41 - -12))
42
37 - 46 - (9 - (8 - (3 + -2)) - 2)
-9
Calculate -405 + 417 - (3 - 0) - (0 + 18) - -73.
64
What is 67 - (4 + 90 - 39)?
12
Calculate -37 + 15 - (-52 - -33).
-3
Evaluate 266 + -52 + -43 + -43.
128
What is -25 + 59 + -53 - (-34 + -5 - 3)?
23
What is the value of (2 + 9 - -6) + 12 + -23 + -104?
-98
7 + -20 + 13 + 2 + -7 + -3
-8
Evaluate (9 - (2 + -1)) + (53 + -103 - 40).
-82
Evaluate 225 + -249 - ((-80 - 7) + -3).
66
Calculate (-9 - 13) + -23 + -6 + 19.
-32
What is (-6 - 66) + 56 - (-2 + 20)?
-34
Evaluate (-7 - -16 - 27) + 13 - -75.
70
Calculate (-5 - (135 - 110)) + (154 - 3).
121
Calculate 13 + ((-41 - -16) + 34 - -81).
103
Calculate 40 - (12 - (0 - ((5 - -5) + -6))).
24
What is the value of -13 + 9 - (-1 + 6 + 78 + -85)?
-2
Evaluate -3 + 32 + 5 + -4 + 35.
65
What is the value of 1 - -35 - (26 + -125 + 84)?
51
115 - (-1 - (-18 + 1 + 62 + -59 + 2))
104
What is the value of -31 + 23 + -5 - (-56 + 6)?
37
Calculate -3 + (-17 + -1 + 1 - -4).
-16
What is the value of -38 + (-6 + 30 - -16)?
2
What is the value of -134 - (-4 - (27 - 14) - (9 + -6))?
-114
(36 - 59) + 59 - 30 - (0 + -1 + 42)
-35
What is 155 + -150 + -100 - (-45 + -3)?
-47
What is the value of 67 + -70 + 7 + (0 - -1)?
5
Evaluate 82 + -65 - (39 + 4).
-26
Calculate 16 - ((13 - 5) + -3 - -8) - -117 - -11.
131
Evaluate -3 + (27 + -15 - (-11 - -4 - -32 - 8)).
-8
Calculate (-37 - (7 - 16)) + 36.
8
What is 85 + (-69 - -96) - 50?
62
What is (-1 - -2) + 2 + -3 - (-90 + 66 + 8)?
16
Evaluate 1 + 2 - ((1 - 3) + 61 - (-27 + 22)).
-61
What is the value of 40 - (139 - 120) - (-1 - 19)?
41
Evaluate -96 + -102 + (-83 - -268).
-13
Calculate (-229 - -227) + (-21 - 3) + 3.
-23
39 - (-16 + 20 + (-1 - -5))
31
What is 220 + -232 - (2 - (2 + -30))?
-42
What is 3 + 38 + -72 - -40?
9
Calculate (-16 - 22) + (37 + -3 - 26) + 2 + 1.
-27
What is the value of (38 + -47 + (2 - -9) - 2) + (-107 - -1)?
-106
What is the value of (-30 - (-1 - -1)) + (29438 - 29412)?
-4
25 + (48 - (-5 - -103)) - (0 - 64)
39
Evaluate 6 + -17 + 45 + (9 - 16).
27
Evaluate 23 - (48 + (-38 - -15) + 23).
-25
Evaluate -17 - -1 - ((72 - 52) + -14).
-22
Calculate -116 + 118 - 213 - -103.
-108
What is -169 - -46 - (-239 - -172)?
-56
-2 - ((-10 - -14) + -14) - ((-3 - 22) + -2)
35
Evaluate -27 - (123 + (-122 - -39)).
-67
Calculate (-2 - 1) + -3 + (22 - 83 - -139).
72
(3 - 6) + 12 - (-14 + (-26 - -30))
19
Calculate (-4 - (6 + -44)) + 186 + -179.
41
(18 - -5) + (43 - 107) + 1
-40
-14 - (-53 + -42 - -36)
45
32 + -198 + 149 - (10 - 1)
-26
Evaluate (-1 + -4 - -15) + -94 + (92 - 48).
-40
What is the value of (-48 - -46 - 9) + 1 + -7 + 83?
66
Calculate -38 + 79 + (-8 - 10).
23
Evaluate 13 + 15 - 45 - (-38 - 3).
24
What is the value of (-274 + 154 - (-1 + -30)) + 6?
-83
What is the value of -31 - (-22 + 4) - (2 - 4) - 45?
-56
What is the value of -6 + 0 - (84 - 93) - 8?
-5
(-13 + 22 - 1) + (7 - -29) + 3
47
Evaluate (2367 - 2443) + (40 - 0).
-36
Evaluate -43 + 10 + (21 - (25 - 2)).
-35
Evaluate 83 + ((-2 - -15) + -1 - (34 + (-47 - -24))).
84
What is the value of 0 - -16 - ((-79 - -39) + 64 + -48)?
40
Calculate 35 + -14 - 12 - (-5 - -10) - 7.
-3
What is the value of (22 - 40 - -26) + 0 + (-6 - 4)?
-2
What is 28 + -2 + 0 + (540 - 511 - (29 - -1))?
25
What is the value of 1 + 19 + -25 - (9 + -117 - 0)?
103
-1 + (341 + -347 - (-5 - -1)) + 51
48
What is the value of 121 + -20 + (-2 + 13 - 3) + 1?
110
What is 6 + ((27 - 43 - (-4 + -1)) + -1 - 3)?
-9
Evaluate 16 - ((-3 - (-13 + 1)) + -63 + 5).
65
Evaluate (2 + -2 - 77) + (-32 + 22 - (9 + -7)).
-89
Calculate (-20 - -11) + (3 - ((-5 - -8) + 25 + -13)).
-21
What is the value of -5 + (20 - 6) + -11 + 8 - 33?
-27
Evaluate 0 + 17 + (-40 - (5 + 8)).
-36
Calculate 14 - (-20 - -28) - (-4 + 89 + 5).
-84
5 + 13 + 122 + (-26 - (12 - 20))
122
What is 16 + -7 + -1 - (8 - -1 - -3)?
-4
Evaluate -4 - 5 - (36 - (62 + 34 - -30)).
81
Evaluate -7 - (-10 + -13) - (-6 + -36 + 26).
32
Evaluate 71 + 9 + -32 + 10.
58
What is 82 - 82 - (-15 + 21 - (46 + 0))?
40
Evaluate 83 + (-10 + 28 - 68).
33
What is -6 + (-26 - 24) + -14?
-70
Evaluate -2 + 13 + (0 - 6 - (46 + -47)) + 77.
83
What is 4 + 0 + -10 + (-5 - -24) + (18 - 12)?
19
-1 + -23 - (-6 - (-41 - -46))
-13
Calculate (11 - ((0 - 6) + -6 + (20 - 5))) + -72.
-64
Calculate 30 - 3 - (124 - 92).
-5
What is the value of (-1 - -4) + (56 + -51 - 4)?
4
16 - (92 - (69 - 23))
-30
2 + (-20 + 11 - -150 - (31 - 12))
124
Evaluate -1 - (-13 - (-43 - -44)).
13
(-14 - 3 - -4) + 4486 + -4476
-3
What is the value of (181 - 84) + -67 - 121?
-91
Calculate -17 + 27 + -34 - -29 - (49 - (0 - -3)).
-41
Calculate (-44 - (-60 + 69)) + 28.
-25
34 + -41 - 54 - (-2 - 0 - -14)
-73
(-8 - -8 - 6) + -17 + 18 + 9
4
What is 98 - (-582 + 594 - (4 + 1 + -4))?
87
What is the value of -20 + (6 + -24 + 54 - 0)?
16
Evaluate -36 + (32 + 22 - 25).
-7
Calculate (-1 - -8) + 145 + -119.
33
What is -18 + 23 + -26 + -17 + 5 + -3?
-36
What is the value of -11 - (-1 - 16) - 14 - ((2 - -3) + 12)?
-25
Calculate (101 - 28) + -67 - (-44 - (0 - 1)).
49
What is (-47 - 0) + (8844 - 8752)?
45
Evaluate (-1014 - -899) + (85 - -4).
-26
Calculate -107 - ((-89 - 42) + 69).
-45
What is (587 - 581) + -99 + (-2 - -6 - 1)?
-90
Evaluate -61 + 81 - -43 - 16.
47
What is the value of 24 + -9 + 21 - (-18 - -9 - 6)?
51
Calculate 1446 + -1527 - (2 - (13 - (1 + 0))).
-71
Calculate -4033 + 4042 - (16 - (1 - (3 + -2)) - -2).
-9
Calculate -27 + 15 + -17 - -25.
-4
Calculate -33 - (-12 + 17 - (14 - 8) - (-5 - -7)).
-30